{"id":868374,"date":"2021-03-11T21:37:30","date_gmt":"2021-03-11T20:37:30","guid":{"rendered":"https:\/\/institut-florilege.fr\/index.php\/product\/gommage-intense-human\/"},"modified":"2021-03-15T17:36:42","modified_gmt":"2021-03-15T16:36:42","slug":"gommage-intense-human","status":"publish","type":"product","link":"https:\/\/florianehaudebault.fr\/index.php\/product\/gommage-intense-human\/","title":{"rendered":"Gommage intense human"},"content":{"rendered":"<p>Le GOMMAGE HUMAN \u00e9limine les impuret\u00e9s et d\u00e9sincruste les pores sans irriter la peau. Il est le produit id\u00e9al pour retrouver une peau nette et plus saine.<\/p>\n<p>Le beurre de karit\u00e9 qu\u2019il contient offre souplesse et confort, id\u00e9al m\u00eame pour les peaux les plus sensibles.\ufeff<\/p>\n<p>Une bonne mine garantie<\/p>\n","protected":false},"excerpt":{"rendered":"<p>Le GOMMAGE HUMAN \u00e9limine les impuret\u00e9s et d\u00e9sincruste les pores sans irriter la peau. Il est le produit id\u00e9al pour retrouver une peau nette et plus saine. Le beurre de karit\u00e9 qu\u2019il contient offre souplesse et confort, id\u00e9al m\u00eame pour les peaux les plus sensibles.\ufeff Une bonne mine garantie<\/p>\n","protected":false},"featured_media":1210167,"template":"","meta":{"_et_pb_use_builder":"","_et_pb_old_content":"","_et_gb_content_width":"","_monsterinsights_skip_tracking":false,"_monsterinsights_sitenote_active":false,"_monsterinsights_sitenote_note":"","_monsterinsights_sitenote_category":0},"product_brand":[],"product_cat":[19],"product_tag":[],"class_list":{"0":"post-868374","1":"product","2":"type-product","3":"status-publish","4":"has-post-thumbnail","6":"product_cat-cosmetiques-corps-et-visage-bio","8":"first","9":"instock","10":"shipping-taxable","11":"purchasable","12":"product-type-simple"},"yoast_head":"<!-- This site is optimized with the Yoast SEO plugin v27.2 - https:\/\/yoast.com\/product\/yoast-seo-wordpress\/ -->\n<title>Gommage intense human - Floriane H<\/title>\n<meta name=\"robots\" content=\"index, follow, max-snippet:-1, max-image-preview:large, max-video-preview:-1\" \/>\n<link rel=\"canonical\" href=\"https:\/\/florianehaudebault.fr\/index.php\/product\/gommage-intense-human\/\" \/>\n<meta property=\"og:locale\" content=\"fr_FR\" \/>\n<meta property=\"og:type\" content=\"article\" \/>\n<meta property=\"og:title\" content=\"Gommage intense human - Floriane H\" \/>\n<meta property=\"og:description\" content=\"Le GOMMAGE HUMAN \u00e9limine les impuret\u00e9s et d\u00e9sincruste les pores sans irriter la peau. Il est le produit id\u00e9al pour retrouver une peau nette et plus saine. Le beurre de karit\u00e9 qu\u2019il contient offre souplesse et confort, id\u00e9al m\u00eame pour les peaux les plus sensibles.\ufeff Une bonne mine garantie\" \/>\n<meta property=\"og:url\" content=\"https:\/\/florianehaudebault.fr\/index.php\/product\/gommage-intense-human\/\" \/>\n<meta property=\"og:site_name\" content=\"Floriane H\" \/>\n<meta property=\"article:modified_time\" content=\"2021-03-15T16:36:42+00:00\" \/>\n<meta property=\"og:image\" content=\"https:\/\/florianehaudebault.fr\/wp-content\/uploads\/2021\/03\/Le-gommage-.png\" \/>\n\t<meta property=\"og:image:width\" content=\"360\" \/>\n\t<meta property=\"og:image:height\" content=\"360\" \/>\n\t<meta property=\"og:image:type\" content=\"image\/png\" \/>\n<meta name=\"twitter:card\" content=\"summary_large_image\" \/>\n<script type=\"application\/ld+json\" class=\"yoast-schema-graph\">{\"@context\":\"https:\/\/schema.org\",\"@graph\":[{\"@type\":\"WebPage\",\"@id\":\"https:\/\/florianehaudebault.fr\/index.php\/product\/gommage-intense-human\/\",\"url\":\"https:\/\/florianehaudebault.fr\/index.php\/product\/gommage-intense-human\/\",\"name\":\"Gommage intense human - Floriane H\",\"isPartOf\":{\"@id\":\"https:\/\/florianehaudebault.fr\/#website\"},\"primaryImageOfPage\":{\"@id\":\"https:\/\/florianehaudebault.fr\/index.php\/product\/gommage-intense-human\/#primaryimage\"},\"image\":{\"@id\":\"https:\/\/florianehaudebault.fr\/index.php\/product\/gommage-intense-human\/#primaryimage\"},\"thumbnailUrl\":\"https:\/\/florianehaudebault.fr\/wp-content\/uploads\/2021\/03\/Le-gommage-.png\",\"datePublished\":\"2021-03-11T20:37:30+00:00\",\"dateModified\":\"2021-03-15T16:36:42+00:00\",\"breadcrumb\":{\"@id\":\"https:\/\/florianehaudebault.fr\/index.php\/product\/gommage-intense-human\/#breadcrumb\"},\"inLanguage\":\"fr-FR\",\"potentialAction\":[{\"@type\":\"ReadAction\",\"target\":[\"https:\/\/florianehaudebault.fr\/index.php\/product\/gommage-intense-human\/\"]}]},{\"@type\":\"ImageObject\",\"inLanguage\":\"fr-FR\",\"@id\":\"https:\/\/florianehaudebault.fr\/index.php\/product\/gommage-intense-human\/#primaryimage\",\"url\":\"https:\/\/florianehaudebault.fr\/wp-content\/uploads\/2021\/03\/Le-gommage-.png\",\"contentUrl\":\"https:\/\/florianehaudebault.fr\/wp-content\/uploads\/2021\/03\/Le-gommage-.png\",\"width\":360,\"height\":360},{\"@type\":\"BreadcrumbList\",\"@id\":\"https:\/\/florianehaudebault.fr\/index.php\/product\/gommage-intense-human\/#breadcrumb\",\"itemListElement\":[{\"@type\":\"ListItem\",\"position\":1,\"name\":\"Accueil\",\"item\":\"https:\/\/florianehaudebault.fr\/\"},{\"@type\":\"ListItem\",\"position\":2,\"name\":\"Boutique\",\"item\":\"https:\/\/florianehaudebault.fr\/index.php\/boutique\/\"},{\"@type\":\"ListItem\",\"position\":3,\"name\":\"Gommage intense human\"}]},{\"@type\":\"WebSite\",\"@id\":\"https:\/\/florianehaudebault.fr\/#website\",\"url\":\"https:\/\/florianehaudebault.fr\/\",\"name\":\"Floriane H\",\"description\":\"Institut de beaut\u00e9 et de bien-\u00eatre \u00e0 Vivy\",\"potentialAction\":[{\"@type\":\"SearchAction\",\"target\":{\"@type\":\"EntryPoint\",\"urlTemplate\":\"https:\/\/florianehaudebault.fr\/?s={search_term_string}\"},\"query-input\":{\"@type\":\"PropertyValueSpecification\",\"valueRequired\":true,\"valueName\":\"search_term_string\"}}],\"inLanguage\":\"fr-FR\"}]}<\/script>\n<!-- \/ Yoast SEO plugin. -->","yoast_head_json":{"title":"Gommage intense human - Floriane H","robots":{"index":"index","follow":"follow","max-snippet":"max-snippet:-1","max-image-preview":"max-image-preview:large","max-video-preview":"max-video-preview:-1"},"canonical":"https:\/\/florianehaudebault.fr\/index.php\/product\/gommage-intense-human\/","og_locale":"fr_FR","og_type":"article","og_title":"Gommage intense human - Floriane H","og_description":"Le GOMMAGE HUMAN \u00e9limine les impuret\u00e9s et d\u00e9sincruste les pores sans irriter la peau. Il est le produit id\u00e9al pour retrouver une peau nette et plus saine. Le beurre de karit\u00e9 qu\u2019il contient offre souplesse et confort, id\u00e9al m\u00eame pour les peaux les plus sensibles.\ufeff Une bonne mine garantie","og_url":"https:\/\/florianehaudebault.fr\/index.php\/product\/gommage-intense-human\/","og_site_name":"Floriane H","article_modified_time":"2021-03-15T16:36:42+00:00","og_image":[{"width":360,"height":360,"url":"https:\/\/florianehaudebault.fr\/wp-content\/uploads\/2021\/03\/Le-gommage-.png","type":"image\/png"}],"twitter_card":"summary_large_image","schema":{"@context":"https:\/\/schema.org","@graph":[{"@type":"WebPage","@id":"https:\/\/florianehaudebault.fr\/index.php\/product\/gommage-intense-human\/","url":"https:\/\/florianehaudebault.fr\/index.php\/product\/gommage-intense-human\/","name":"Gommage intense human - Floriane H","isPartOf":{"@id":"https:\/\/florianehaudebault.fr\/#website"},"primaryImageOfPage":{"@id":"https:\/\/florianehaudebault.fr\/index.php\/product\/gommage-intense-human\/#primaryimage"},"image":{"@id":"https:\/\/florianehaudebault.fr\/index.php\/product\/gommage-intense-human\/#primaryimage"},"thumbnailUrl":"https:\/\/florianehaudebault.fr\/wp-content\/uploads\/2021\/03\/Le-gommage-.png","datePublished":"2021-03-11T20:37:30+00:00","dateModified":"2021-03-15T16:36:42+00:00","breadcrumb":{"@id":"https:\/\/florianehaudebault.fr\/index.php\/product\/gommage-intense-human\/#breadcrumb"},"inLanguage":"fr-FR","potentialAction":[{"@type":"ReadAction","target":["https:\/\/florianehaudebault.fr\/index.php\/product\/gommage-intense-human\/"]}]},{"@type":"ImageObject","inLanguage":"fr-FR","@id":"https:\/\/florianehaudebault.fr\/index.php\/product\/gommage-intense-human\/#primaryimage","url":"https:\/\/florianehaudebault.fr\/wp-content\/uploads\/2021\/03\/Le-gommage-.png","contentUrl":"https:\/\/florianehaudebault.fr\/wp-content\/uploads\/2021\/03\/Le-gommage-.png","width":360,"height":360},{"@type":"BreadcrumbList","@id":"https:\/\/florianehaudebault.fr\/index.php\/product\/gommage-intense-human\/#breadcrumb","itemListElement":[{"@type":"ListItem","position":1,"name":"Accueil","item":"https:\/\/florianehaudebault.fr\/"},{"@type":"ListItem","position":2,"name":"Boutique","item":"https:\/\/florianehaudebault.fr\/index.php\/boutique\/"},{"@type":"ListItem","position":3,"name":"Gommage intense human"}]},{"@type":"WebSite","@id":"https:\/\/florianehaudebault.fr\/#website","url":"https:\/\/florianehaudebault.fr\/","name":"Floriane H","description":"Institut de beaut\u00e9 et de bien-\u00eatre \u00e0 Vivy","potentialAction":[{"@type":"SearchAction","target":{"@type":"EntryPoint","urlTemplate":"https:\/\/florianehaudebault.fr\/?s={search_term_string}"},"query-input":{"@type":"PropertyValueSpecification","valueRequired":true,"valueName":"search_term_string"}}],"inLanguage":"fr-FR"}]}},"_links":{"self":[{"href":"https:\/\/florianehaudebault.fr\/index.php\/wp-json\/wp\/v2\/product\/868374","targetHints":{"allow":["GET"]}}],"collection":[{"href":"https:\/\/florianehaudebault.fr\/index.php\/wp-json\/wp\/v2\/product"}],"about":[{"href":"https:\/\/florianehaudebault.fr\/index.php\/wp-json\/wp\/v2\/types\/product"}],"wp:featuredmedia":[{"embeddable":true,"href":"https:\/\/florianehaudebault.fr\/index.php\/wp-json\/wp\/v2\/media\/1210167"}],"wp:attachment":[{"href":"https:\/\/florianehaudebault.fr\/index.php\/wp-json\/wp\/v2\/media?parent=868374"}],"wp:term":[{"taxonomy":"product_brand","embeddable":true,"href":"https:\/\/florianehaudebault.fr\/index.php\/wp-json\/wp\/v2\/product_brand?post=868374"},{"taxonomy":"product_cat","embeddable":true,"href":"https:\/\/florianehaudebault.fr\/index.php\/wp-json\/wp\/v2\/product_cat?post=868374"},{"taxonomy":"product_tag","embeddable":true,"href":"https:\/\/florianehaudebault.fr\/index.php\/wp-json\/wp\/v2\/product_tag?post=868374"}],"curies":[{"name":"wp","href":"https:\/\/api.w.org\/{rel}","templated":true}]}}