{"id":762247,"date":"2021-03-11T21:37:20","date_gmt":"2021-03-11T20:37:20","guid":{"rendered":"https:\/\/institut-florilege.fr\/index.php\/product\/serum-lisse-actif-eclat\/"},"modified":"2022-10-25T09:59:01","modified_gmt":"2022-10-25T07:59:01","slug":"serum-lisse-actif-eclat","status":"publish","type":"product","link":"https:\/\/florianehaudebault.fr\/index.php\/product\/serum-lisse-actif-eclat\/","title":{"rendered":"S\u00e9rum lisse actif \u00e9clat"},"content":{"rendered":"<p>La texture de ce s\u00e9rum anti-\u00e2ge bio LISSE ACTIF ECLAT est absorb\u00e9e rapidement.<\/p>\n<p>Pour plus de fermet\u00e9 l\u2019extrait de p\u00e9pins de pomme aide \u00e0 renforcer le r\u00e9seau de collag\u00e8ne en am\u00e9liorant sa synth\u00e8se.<\/p>\n<p>L\u2019extrait de foug\u00e8re d\u2019arbre de Nouvelle Z\u00e9lande aux vertus lissantes est associ\u00e9 \u00e0 des particules r\u00e9fl\u00e9chissantes de lumi\u00e8re pour un \u00e9clat incomparable.<\/p>\n<p>Gr\u00e2ce \u00e0 ce soin anti-\u00e2ge bio, le micro relief est adouci, votre peau \u00e9clatante est repulp\u00e9e.<\/p>\n","protected":false},"excerpt":{"rendered":"<p>La texture de ce s\u00e9rum anti-\u00e2ge bio LISSE ACTIF ECLAT est absorb\u00e9e rapidement. Pour plus de fermet\u00e9 l\u2019extrait de p\u00e9pins de pomme aide \u00e0 renforcer le r\u00e9seau de collag\u00e8ne en am\u00e9liorant sa synth\u00e8se. L\u2019extrait de foug\u00e8re d\u2019arbre de Nouvelle Z\u00e9lande aux vertus lissantes est associ\u00e9 \u00e0 des particules r\u00e9fl\u00e9chissantes de lumi\u00e8re pour un \u00e9clat incomparable. [&hellip;]<\/p>\n","protected":false},"featured_media":0,"template":"","meta":{"_et_pb_use_builder":"","_et_pb_old_content":"","_et_gb_content_width":"","_monsterinsights_skip_tracking":false,"_monsterinsights_sitenote_active":false,"_monsterinsights_sitenote_note":"","_monsterinsights_sitenote_category":0},"product_brand":[],"product_cat":[19],"product_tag":[],"class_list":{"0":"post-762247","1":"product","2":"type-product","3":"status-publish","5":"product_cat-cosmetiques-corps-et-visage-bio","7":"first","8":"instock","9":"shipping-taxable","10":"purchasable","11":"product-type-simple"},"yoast_head":"<!-- This site is optimized with the Yoast SEO plugin v27.4 - https:\/\/yoast.com\/product\/yoast-seo-wordpress\/ -->\n<title>S\u00e9rum lisse actif \u00e9clat - Floriane H<\/title>\n<meta name=\"robots\" content=\"index, follow, max-snippet:-1, max-image-preview:large, max-video-preview:-1\" \/>\n<link rel=\"canonical\" href=\"https:\/\/florianehaudebault.fr\/index.php\/product\/serum-lisse-actif-eclat\/\" \/>\n<meta property=\"og:locale\" content=\"fr_FR\" \/>\n<meta property=\"og:type\" content=\"article\" \/>\n<meta property=\"og:title\" content=\"S\u00e9rum lisse actif \u00e9clat - Floriane H\" \/>\n<meta property=\"og:description\" content=\"La texture de ce s\u00e9rum anti-\u00e2ge bio LISSE ACTIF ECLAT est absorb\u00e9e rapidement. Pour plus de fermet\u00e9 l\u2019extrait de p\u00e9pins de pomme aide \u00e0 renforcer le r\u00e9seau de collag\u00e8ne en am\u00e9liorant sa synth\u00e8se. L\u2019extrait de foug\u00e8re d\u2019arbre de Nouvelle Z\u00e9lande aux vertus lissantes est associ\u00e9 \u00e0 des particules r\u00e9fl\u00e9chissantes de lumi\u00e8re pour un \u00e9clat incomparable. [&hellip;]\" \/>\n<meta property=\"og:url\" content=\"https:\/\/florianehaudebault.fr\/index.php\/product\/serum-lisse-actif-eclat\/\" \/>\n<meta property=\"og:site_name\" content=\"Floriane H\" \/>\n<meta property=\"article:modified_time\" content=\"2022-10-25T07:59:01+00:00\" \/>\n<meta property=\"og:image\" content=\"https:\/\/florianehaudebault.fr\/wp-content\/uploads\/2021\/03\/serum-lisse-actif-eclat-.jpg\" \/>\n\t<meta property=\"og:image:width\" content=\"360\" \/>\n\t<meta property=\"og:image:height\" content=\"360\" \/>\n\t<meta property=\"og:image:type\" content=\"image\/jpeg\" \/>\n<meta name=\"twitter:card\" content=\"summary_large_image\" \/>\n<script type=\"application\/ld+json\" class=\"yoast-schema-graph\">{\"@context\":\"https:\\\/\\\/schema.org\",\"@graph\":[{\"@type\":\"WebPage\",\"@id\":\"https:\\\/\\\/florianehaudebault.fr\\\/index.php\\\/product\\\/serum-lisse-actif-eclat\\\/\",\"url\":\"https:\\\/\\\/florianehaudebault.fr\\\/index.php\\\/product\\\/serum-lisse-actif-eclat\\\/\",\"name\":\"S\u00e9rum lisse actif \u00e9clat - Floriane H\",\"isPartOf\":{\"@id\":\"https:\\\/\\\/florianehaudebault.fr\\\/#website\"},\"datePublished\":\"2021-03-11T20:37:20+00:00\",\"dateModified\":\"2022-10-25T07:59:01+00:00\",\"breadcrumb\":{\"@id\":\"https:\\\/\\\/florianehaudebault.fr\\\/index.php\\\/product\\\/serum-lisse-actif-eclat\\\/#breadcrumb\"},\"inLanguage\":\"fr-FR\",\"potentialAction\":[{\"@type\":\"ReadAction\",\"target\":[\"https:\\\/\\\/florianehaudebault.fr\\\/index.php\\\/product\\\/serum-lisse-actif-eclat\\\/\"]}]},{\"@type\":\"BreadcrumbList\",\"@id\":\"https:\\\/\\\/florianehaudebault.fr\\\/index.php\\\/product\\\/serum-lisse-actif-eclat\\\/#breadcrumb\",\"itemListElement\":[{\"@type\":\"ListItem\",\"position\":1,\"name\":\"Accueil\",\"item\":\"https:\\\/\\\/florianehaudebault.fr\\\/\"},{\"@type\":\"ListItem\",\"position\":2,\"name\":\"Boutique\",\"item\":\"https:\\\/\\\/florianehaudebault.fr\\\/index.php\\\/boutique\\\/\"},{\"@type\":\"ListItem\",\"position\":3,\"name\":\"S\u00e9rum lisse actif \u00e9clat\"}]},{\"@type\":\"WebSite\",\"@id\":\"https:\\\/\\\/florianehaudebault.fr\\\/#website\",\"url\":\"https:\\\/\\\/florianehaudebault.fr\\\/\",\"name\":\"Floriane H\",\"description\":\"Institut de beaut\u00e9 et de bien-\u00eatre \u00e0 Vivy\",\"potentialAction\":[{\"@type\":\"SearchAction\",\"target\":{\"@type\":\"EntryPoint\",\"urlTemplate\":\"https:\\\/\\\/florianehaudebault.fr\\\/?s={search_term_string}\"},\"query-input\":{\"@type\":\"PropertyValueSpecification\",\"valueRequired\":true,\"valueName\":\"search_term_string\"}}],\"inLanguage\":\"fr-FR\"}]}<\/script>\n<!-- \/ Yoast SEO plugin. -->","yoast_head_json":{"title":"S\u00e9rum lisse actif \u00e9clat - Floriane H","robots":{"index":"index","follow":"follow","max-snippet":"max-snippet:-1","max-image-preview":"max-image-preview:large","max-video-preview":"max-video-preview:-1"},"canonical":"https:\/\/florianehaudebault.fr\/index.php\/product\/serum-lisse-actif-eclat\/","og_locale":"fr_FR","og_type":"article","og_title":"S\u00e9rum lisse actif \u00e9clat - Floriane H","og_description":"La texture de ce s\u00e9rum anti-\u00e2ge bio LISSE ACTIF ECLAT est absorb\u00e9e rapidement. Pour plus de fermet\u00e9 l\u2019extrait de p\u00e9pins de pomme aide \u00e0 renforcer le r\u00e9seau de collag\u00e8ne en am\u00e9liorant sa synth\u00e8se. L\u2019extrait de foug\u00e8re d\u2019arbre de Nouvelle Z\u00e9lande aux vertus lissantes est associ\u00e9 \u00e0 des particules r\u00e9fl\u00e9chissantes de lumi\u00e8re pour un \u00e9clat incomparable. [&hellip;]","og_url":"https:\/\/florianehaudebault.fr\/index.php\/product\/serum-lisse-actif-eclat\/","og_site_name":"Floriane H","article_modified_time":"2022-10-25T07:59:01+00:00","og_image":[{"width":360,"height":360,"url":"https:\/\/florianehaudebault.fr\/wp-content\/uploads\/2021\/03\/serum-lisse-actif-eclat-.jpg","type":"image\/jpeg"}],"twitter_card":"summary_large_image","schema":{"@context":"https:\/\/schema.org","@graph":[{"@type":"WebPage","@id":"https:\/\/florianehaudebault.fr\/index.php\/product\/serum-lisse-actif-eclat\/","url":"https:\/\/florianehaudebault.fr\/index.php\/product\/serum-lisse-actif-eclat\/","name":"S\u00e9rum lisse actif \u00e9clat - Floriane H","isPartOf":{"@id":"https:\/\/florianehaudebault.fr\/#website"},"datePublished":"2021-03-11T20:37:20+00:00","dateModified":"2022-10-25T07:59:01+00:00","breadcrumb":{"@id":"https:\/\/florianehaudebault.fr\/index.php\/product\/serum-lisse-actif-eclat\/#breadcrumb"},"inLanguage":"fr-FR","potentialAction":[{"@type":"ReadAction","target":["https:\/\/florianehaudebault.fr\/index.php\/product\/serum-lisse-actif-eclat\/"]}]},{"@type":"BreadcrumbList","@id":"https:\/\/florianehaudebault.fr\/index.php\/product\/serum-lisse-actif-eclat\/#breadcrumb","itemListElement":[{"@type":"ListItem","position":1,"name":"Accueil","item":"https:\/\/florianehaudebault.fr\/"},{"@type":"ListItem","position":2,"name":"Boutique","item":"https:\/\/florianehaudebault.fr\/index.php\/boutique\/"},{"@type":"ListItem","position":3,"name":"S\u00e9rum lisse actif \u00e9clat"}]},{"@type":"WebSite","@id":"https:\/\/florianehaudebault.fr\/#website","url":"https:\/\/florianehaudebault.fr\/","name":"Floriane H","description":"Institut de beaut\u00e9 et de bien-\u00eatre \u00e0 Vivy","potentialAction":[{"@type":"SearchAction","target":{"@type":"EntryPoint","urlTemplate":"https:\/\/florianehaudebault.fr\/?s={search_term_string}"},"query-input":{"@type":"PropertyValueSpecification","valueRequired":true,"valueName":"search_term_string"}}],"inLanguage":"fr-FR"}]}},"_links":{"self":[{"href":"https:\/\/florianehaudebault.fr\/index.php\/wp-json\/wp\/v2\/product\/762247","targetHints":{"allow":["GET"]}}],"collection":[{"href":"https:\/\/florianehaudebault.fr\/index.php\/wp-json\/wp\/v2\/product"}],"about":[{"href":"https:\/\/florianehaudebault.fr\/index.php\/wp-json\/wp\/v2\/types\/product"}],"wp:attachment":[{"href":"https:\/\/florianehaudebault.fr\/index.php\/wp-json\/wp\/v2\/media?parent=762247"}],"wp:term":[{"taxonomy":"product_brand","embeddable":true,"href":"https:\/\/florianehaudebault.fr\/index.php\/wp-json\/wp\/v2\/product_brand?post=762247"},{"taxonomy":"product_cat","embeddable":true,"href":"https:\/\/florianehaudebault.fr\/index.php\/wp-json\/wp\/v2\/product_cat?post=762247"},{"taxonomy":"product_tag","embeddable":true,"href":"https:\/\/florianehaudebault.fr\/index.php\/wp-json\/wp\/v2\/product_tag?post=762247"}],"curies":[{"name":"wp","href":"https:\/\/api.w.org\/{rel}","templated":true}]}}