{"id":762233,"date":"2021-03-11T21:37:17","date_gmt":"2021-03-11T20:37:17","guid":{"rendered":"https:\/\/institut-florilege.fr\/index.php\/product\/lait-demaquillant-tendre\/"},"modified":"2021-04-12T16:12:51","modified_gmt":"2021-04-12T14:12:51","slug":"lait-demaquillant-tendre","status":"publish","type":"product","link":"https:\/\/florianehaudebault.fr\/index.php\/product\/lait-demaquillant-tendre\/","title":{"rendered":"Lait demaquillant tendre"},"content":{"rendered":"<p>Appliquez quelques touches de LAIT D\u00c9MAQUILLANT TENDRE sur l&rsquo;ensemble du visage, \u00e9mulsionnez du bout des doigts afin de bien dissoudre maquillage et exc\u00e8s de s\u00e9bum.<\/p>\n<p>Si la peau est inconfortable, \u00f4tez le LAIT D\u00c9MAQUILLANT TENDRE \u00e0 l&rsquo;aide d&rsquo;un coton sinon, rincez \u00e0 l&rsquo;eau puis appliquez la LOTION TENDRE.<\/p>\n","protected":false},"excerpt":{"rendered":"<p>Appliquez quelques touches de LAIT D\u00c9MAQUILLANT TENDRE sur l&rsquo;ensemble du visage, \u00e9mulsionnez du bout des doigts afin de bien dissoudre maquillage et exc\u00e8s de s\u00e9bum. Si la peau est inconfortable, \u00f4tez le LAIT D\u00c9MAQUILLANT TENDRE \u00e0 l&rsquo;aide d&rsquo;un coton sinon, rincez \u00e0 l&rsquo;eau puis appliquez la LOTION TENDRE.<\/p>\n","protected":false},"featured_media":0,"template":"","meta":{"_et_pb_use_builder":"","_et_pb_old_content":"","_et_gb_content_width":"","_monsterinsights_skip_tracking":false,"_monsterinsights_sitenote_active":false,"_monsterinsights_sitenote_note":"","_monsterinsights_sitenote_category":0},"product_brand":[],"product_cat":[19,61],"product_tag":[],"class_list":{"0":"post-762233","1":"product","2":"type-product","3":"status-publish","5":"product_cat-cosmetiques-corps-et-visage-bio","6":"product_cat-produits-visage","8":"first","9":"instock","10":"shipping-taxable","11":"purchasable","12":"product-type-simple"},"yoast_head":"<!-- This site is optimized with the Yoast SEO plugin v27.4 - https:\/\/yoast.com\/product\/yoast-seo-wordpress\/ -->\n<title>Lait demaquillant tendre - Floriane H<\/title>\n<meta name=\"robots\" content=\"index, follow, max-snippet:-1, max-image-preview:large, max-video-preview:-1\" \/>\n<link rel=\"canonical\" href=\"https:\/\/florianehaudebault.fr\/index.php\/product\/lait-demaquillant-tendre\/\" \/>\n<meta property=\"og:locale\" content=\"fr_FR\" \/>\n<meta property=\"og:type\" content=\"article\" \/>\n<meta property=\"og:title\" content=\"Lait demaquillant tendre - Floriane H\" \/>\n<meta property=\"og:description\" content=\"Appliquez quelques touches de LAIT D\u00c9MAQUILLANT TENDRE sur l&rsquo;ensemble du visage, \u00e9mulsionnez du bout des doigts afin de bien dissoudre maquillage et exc\u00e8s de s\u00e9bum. Si la peau est inconfortable, \u00f4tez le LAIT D\u00c9MAQUILLANT TENDRE \u00e0 l&rsquo;aide d&rsquo;un coton sinon, rincez \u00e0 l&rsquo;eau puis appliquez la LOTION TENDRE.\" \/>\n<meta property=\"og:url\" content=\"https:\/\/florianehaudebault.fr\/index.php\/product\/lait-demaquillant-tendre\/\" \/>\n<meta property=\"og:site_name\" content=\"Floriane H\" \/>\n<meta property=\"article:modified_time\" content=\"2021-04-12T14:12:51+00:00\" \/>\n<meta property=\"og:image\" content=\"https:\/\/florianehaudebault.fr\/wp-content\/uploads\/2021\/03\/lait-demquillant-douceur-.jpg\" \/>\n\t<meta property=\"og:image:width\" content=\"360\" \/>\n\t<meta property=\"og:image:height\" content=\"360\" \/>\n\t<meta property=\"og:image:type\" content=\"image\/jpeg\" \/>\n<meta name=\"twitter:card\" content=\"summary_large_image\" \/>\n<script type=\"application\/ld+json\" class=\"yoast-schema-graph\">{\"@context\":\"https:\\\/\\\/schema.org\",\"@graph\":[{\"@type\":\"WebPage\",\"@id\":\"https:\\\/\\\/florianehaudebault.fr\\\/index.php\\\/product\\\/lait-demaquillant-tendre\\\/\",\"url\":\"https:\\\/\\\/florianehaudebault.fr\\\/index.php\\\/product\\\/lait-demaquillant-tendre\\\/\",\"name\":\"Lait demaquillant tendre - Floriane H\",\"isPartOf\":{\"@id\":\"https:\\\/\\\/florianehaudebault.fr\\\/#website\"},\"datePublished\":\"2021-03-11T20:37:17+00:00\",\"dateModified\":\"2021-04-12T14:12:51+00:00\",\"breadcrumb\":{\"@id\":\"https:\\\/\\\/florianehaudebault.fr\\\/index.php\\\/product\\\/lait-demaquillant-tendre\\\/#breadcrumb\"},\"inLanguage\":\"fr-FR\",\"potentialAction\":[{\"@type\":\"ReadAction\",\"target\":[\"https:\\\/\\\/florianehaudebault.fr\\\/index.php\\\/product\\\/lait-demaquillant-tendre\\\/\"]}]},{\"@type\":\"BreadcrumbList\",\"@id\":\"https:\\\/\\\/florianehaudebault.fr\\\/index.php\\\/product\\\/lait-demaquillant-tendre\\\/#breadcrumb\",\"itemListElement\":[{\"@type\":\"ListItem\",\"position\":1,\"name\":\"Accueil\",\"item\":\"https:\\\/\\\/florianehaudebault.fr\\\/\"},{\"@type\":\"ListItem\",\"position\":2,\"name\":\"Boutique\",\"item\":\"https:\\\/\\\/florianehaudebault.fr\\\/index.php\\\/boutique\\\/\"},{\"@type\":\"ListItem\",\"position\":3,\"name\":\"Lait demaquillant tendre\"}]},{\"@type\":\"WebSite\",\"@id\":\"https:\\\/\\\/florianehaudebault.fr\\\/#website\",\"url\":\"https:\\\/\\\/florianehaudebault.fr\\\/\",\"name\":\"Floriane H\",\"description\":\"Institut de beaut\u00e9 et de bien-\u00eatre \u00e0 Vivy\",\"potentialAction\":[{\"@type\":\"SearchAction\",\"target\":{\"@type\":\"EntryPoint\",\"urlTemplate\":\"https:\\\/\\\/florianehaudebault.fr\\\/?s={search_term_string}\"},\"query-input\":{\"@type\":\"PropertyValueSpecification\",\"valueRequired\":true,\"valueName\":\"search_term_string\"}}],\"inLanguage\":\"fr-FR\"}]}<\/script>\n<!-- \/ Yoast SEO plugin. -->","yoast_head_json":{"title":"Lait demaquillant tendre - Floriane H","robots":{"index":"index","follow":"follow","max-snippet":"max-snippet:-1","max-image-preview":"max-image-preview:large","max-video-preview":"max-video-preview:-1"},"canonical":"https:\/\/florianehaudebault.fr\/index.php\/product\/lait-demaquillant-tendre\/","og_locale":"fr_FR","og_type":"article","og_title":"Lait demaquillant tendre - Floriane H","og_description":"Appliquez quelques touches de LAIT D\u00c9MAQUILLANT TENDRE sur l&rsquo;ensemble du visage, \u00e9mulsionnez du bout des doigts afin de bien dissoudre maquillage et exc\u00e8s de s\u00e9bum. Si la peau est inconfortable, \u00f4tez le LAIT D\u00c9MAQUILLANT TENDRE \u00e0 l&rsquo;aide d&rsquo;un coton sinon, rincez \u00e0 l&rsquo;eau puis appliquez la LOTION TENDRE.","og_url":"https:\/\/florianehaudebault.fr\/index.php\/product\/lait-demaquillant-tendre\/","og_site_name":"Floriane H","article_modified_time":"2021-04-12T14:12:51+00:00","og_image":[{"width":360,"height":360,"url":"https:\/\/florianehaudebault.fr\/wp-content\/uploads\/2021\/03\/lait-demquillant-douceur-.jpg","type":"image\/jpeg"}],"twitter_card":"summary_large_image","schema":{"@context":"https:\/\/schema.org","@graph":[{"@type":"WebPage","@id":"https:\/\/florianehaudebault.fr\/index.php\/product\/lait-demaquillant-tendre\/","url":"https:\/\/florianehaudebault.fr\/index.php\/product\/lait-demaquillant-tendre\/","name":"Lait demaquillant tendre - Floriane H","isPartOf":{"@id":"https:\/\/florianehaudebault.fr\/#website"},"datePublished":"2021-03-11T20:37:17+00:00","dateModified":"2021-04-12T14:12:51+00:00","breadcrumb":{"@id":"https:\/\/florianehaudebault.fr\/index.php\/product\/lait-demaquillant-tendre\/#breadcrumb"},"inLanguage":"fr-FR","potentialAction":[{"@type":"ReadAction","target":["https:\/\/florianehaudebault.fr\/index.php\/product\/lait-demaquillant-tendre\/"]}]},{"@type":"BreadcrumbList","@id":"https:\/\/florianehaudebault.fr\/index.php\/product\/lait-demaquillant-tendre\/#breadcrumb","itemListElement":[{"@type":"ListItem","position":1,"name":"Accueil","item":"https:\/\/florianehaudebault.fr\/"},{"@type":"ListItem","position":2,"name":"Boutique","item":"https:\/\/florianehaudebault.fr\/index.php\/boutique\/"},{"@type":"ListItem","position":3,"name":"Lait demaquillant tendre"}]},{"@type":"WebSite","@id":"https:\/\/florianehaudebault.fr\/#website","url":"https:\/\/florianehaudebault.fr\/","name":"Floriane H","description":"Institut de beaut\u00e9 et de bien-\u00eatre \u00e0 Vivy","potentialAction":[{"@type":"SearchAction","target":{"@type":"EntryPoint","urlTemplate":"https:\/\/florianehaudebault.fr\/?s={search_term_string}"},"query-input":{"@type":"PropertyValueSpecification","valueRequired":true,"valueName":"search_term_string"}}],"inLanguage":"fr-FR"}]}},"_links":{"self":[{"href":"https:\/\/florianehaudebault.fr\/index.php\/wp-json\/wp\/v2\/product\/762233","targetHints":{"allow":["GET"]}}],"collection":[{"href":"https:\/\/florianehaudebault.fr\/index.php\/wp-json\/wp\/v2\/product"}],"about":[{"href":"https:\/\/florianehaudebault.fr\/index.php\/wp-json\/wp\/v2\/types\/product"}],"wp:attachment":[{"href":"https:\/\/florianehaudebault.fr\/index.php\/wp-json\/wp\/v2\/media?parent=762233"}],"wp:term":[{"taxonomy":"product_brand","embeddable":true,"href":"https:\/\/florianehaudebault.fr\/index.php\/wp-json\/wp\/v2\/product_brand?post=762233"},{"taxonomy":"product_cat","embeddable":true,"href":"https:\/\/florianehaudebault.fr\/index.php\/wp-json\/wp\/v2\/product_cat?post=762233"},{"taxonomy":"product_tag","embeddable":true,"href":"https:\/\/florianehaudebault.fr\/index.php\/wp-json\/wp\/v2\/product_tag?post=762233"}],"curies":[{"name":"wp","href":"https:\/\/api.w.org\/{rel}","templated":true}]}}