{"id":762227,"date":"2021-03-11T21:37:17","date_gmt":"2021-03-11T20:37:17","guid":{"rendered":"https:\/\/institut-florilege.fr\/index.php\/product\/essence-n5-apres-soleil\/"},"modified":"2021-06-23T16:29:08","modified_gmt":"2021-06-23T14:29:08","slug":"essence-n5-apres-soleil","status":"publish","type":"product","link":"https:\/\/florianehaudebault.fr\/index.php\/product\/essence-n5-apres-soleil\/","title":{"rendered":"Essence soir\u00e9e d&rsquo;\u00e9t\u00e9"},"content":{"rendered":"<p>Cette huile apr\u00e8s-soleil visage et corps bio \u00e0 une action apaisante apr\u00e8s l&rsquo;exposition.<\/p>\n<p>Elle acc\u00e9l\u00e8re et prolonge le bronzage.<\/p>\n<p>Sa formule tr\u00e8s compl\u00e8te conf\u00e8re \u00e0 ce soin une action globale, \u00e0 la fois r\u00e9paratrice et embellissante.<\/p>\n<p>La d\u00e9licieuse odeur d\u2019\u00e9t\u00e9 de l&rsquo;ESSENCE D&rsquo;ESTIME N\u00b05 et de sable chaud inspire imm\u00e9diatement la d\u00e9tente.<\/p>\n","protected":false},"excerpt":{"rendered":"<p>Cette huile apr\u00e8s-soleil visage et corps bio \u00e0 une action apaisante apr\u00e8s l&rsquo;exposition. Elle acc\u00e9l\u00e8re et prolonge le bronzage. Sa formule tr\u00e8s compl\u00e8te conf\u00e8re \u00e0 ce soin une action globale, \u00e0 la fois r\u00e9paratrice et embellissante. La d\u00e9licieuse odeur d\u2019\u00e9t\u00e9 de l&rsquo;ESSENCE D&rsquo;ESTIME N\u00b05 et de sable chaud inspire imm\u00e9diatement la d\u00e9tente.<\/p>\n","protected":false},"featured_media":1210993,"template":"","meta":{"_et_pb_use_builder":"","_et_pb_old_content":"","_et_gb_content_width":"","_monsterinsights_skip_tracking":false,"_monsterinsights_sitenote_active":false,"_monsterinsights_sitenote_note":"","_monsterinsights_sitenote_category":0},"product_brand":[],"product_cat":[19,62],"product_tag":[],"class_list":{"0":"post-762227","1":"product","2":"type-product","3":"status-publish","4":"has-post-thumbnail","6":"product_cat-cosmetiques-corps-et-visage-bio","7":"product_cat-produits-corps","9":"first","10":"instock","11":"shipping-taxable","12":"purchasable","13":"product-type-simple"},"yoast_head":"<!-- This site is optimized with the Yoast SEO plugin v27.4 - https:\/\/yoast.com\/product\/yoast-seo-wordpress\/ -->\n<title>Essence soir\u00e9e d&#039;\u00e9t\u00e9 - Floriane H<\/title>\n<meta name=\"robots\" content=\"index, follow, max-snippet:-1, max-image-preview:large, max-video-preview:-1\" \/>\n<link rel=\"canonical\" href=\"https:\/\/florianehaudebault.fr\/index.php\/product\/essence-n5-apres-soleil\/\" \/>\n<meta property=\"og:locale\" content=\"fr_FR\" \/>\n<meta property=\"og:type\" content=\"article\" \/>\n<meta property=\"og:title\" content=\"Essence soir\u00e9e d&#039;\u00e9t\u00e9 - Floriane H\" \/>\n<meta property=\"og:description\" content=\"Cette huile apr\u00e8s-soleil visage et corps bio \u00e0 une action apaisante apr\u00e8s l&rsquo;exposition. Elle acc\u00e9l\u00e8re et prolonge le bronzage. Sa formule tr\u00e8s compl\u00e8te conf\u00e8re \u00e0 ce soin une action globale, \u00e0 la fois r\u00e9paratrice et embellissante. La d\u00e9licieuse odeur d\u2019\u00e9t\u00e9 de l&rsquo;ESSENCE D&rsquo;ESTIME N\u00b05 et de sable chaud inspire imm\u00e9diatement la d\u00e9tente.\" \/>\n<meta property=\"og:url\" content=\"https:\/\/florianehaudebault.fr\/index.php\/product\/essence-n5-apres-soleil\/\" \/>\n<meta property=\"og:site_name\" content=\"Floriane H\" \/>\n<meta property=\"article:modified_time\" content=\"2021-06-23T14:29:08+00:00\" \/>\n<meta property=\"og:image\" content=\"https:\/\/florianehaudebault.fr\/wp-content\/uploads\/2021\/03\/essence_d_estime_soiree_ete.png\" \/>\n\t<meta property=\"og:image:width\" content=\"375\" \/>\n\t<meta property=\"og:image:height\" content=\"1024\" \/>\n\t<meta property=\"og:image:type\" content=\"image\/png\" \/>\n<meta name=\"twitter:card\" content=\"summary_large_image\" \/>\n<meta name=\"twitter:label1\" content=\"Dur\u00e9e de lecture estim\u00e9e\" \/>\n\t<meta name=\"twitter:data1\" content=\"1 minute\" \/>\n<script type=\"application\/ld+json\" class=\"yoast-schema-graph\">{\"@context\":\"https:\\\/\\\/schema.org\",\"@graph\":[{\"@type\":\"WebPage\",\"@id\":\"https:\\\/\\\/florianehaudebault.fr\\\/index.php\\\/product\\\/essence-n5-apres-soleil\\\/\",\"url\":\"https:\\\/\\\/florianehaudebault.fr\\\/index.php\\\/product\\\/essence-n5-apres-soleil\\\/\",\"name\":\"Essence soir\u00e9e d'\u00e9t\u00e9 - Floriane H\",\"isPartOf\":{\"@id\":\"https:\\\/\\\/florianehaudebault.fr\\\/#website\"},\"primaryImageOfPage\":{\"@id\":\"https:\\\/\\\/florianehaudebault.fr\\\/index.php\\\/product\\\/essence-n5-apres-soleil\\\/#primaryimage\"},\"image\":{\"@id\":\"https:\\\/\\\/florianehaudebault.fr\\\/index.php\\\/product\\\/essence-n5-apres-soleil\\\/#primaryimage\"},\"thumbnailUrl\":\"https:\\\/\\\/florianehaudebault.fr\\\/wp-content\\\/uploads\\\/2021\\\/03\\\/essence_d_estime_soiree_ete.png\",\"datePublished\":\"2021-03-11T20:37:17+00:00\",\"dateModified\":\"2021-06-23T14:29:08+00:00\",\"breadcrumb\":{\"@id\":\"https:\\\/\\\/florianehaudebault.fr\\\/index.php\\\/product\\\/essence-n5-apres-soleil\\\/#breadcrumb\"},\"inLanguage\":\"fr-FR\",\"potentialAction\":[{\"@type\":\"ReadAction\",\"target\":[\"https:\\\/\\\/florianehaudebault.fr\\\/index.php\\\/product\\\/essence-n5-apres-soleil\\\/\"]}]},{\"@type\":\"ImageObject\",\"inLanguage\":\"fr-FR\",\"@id\":\"https:\\\/\\\/florianehaudebault.fr\\\/index.php\\\/product\\\/essence-n5-apres-soleil\\\/#primaryimage\",\"url\":\"https:\\\/\\\/florianehaudebault.fr\\\/wp-content\\\/uploads\\\/2021\\\/03\\\/essence_d_estime_soiree_ete.png\",\"contentUrl\":\"https:\\\/\\\/florianehaudebault.fr\\\/wp-content\\\/uploads\\\/2021\\\/03\\\/essence_d_estime_soiree_ete.png\",\"width\":650,\"height\":1775},{\"@type\":\"BreadcrumbList\",\"@id\":\"https:\\\/\\\/florianehaudebault.fr\\\/index.php\\\/product\\\/essence-n5-apres-soleil\\\/#breadcrumb\",\"itemListElement\":[{\"@type\":\"ListItem\",\"position\":1,\"name\":\"Accueil\",\"item\":\"https:\\\/\\\/florianehaudebault.fr\\\/\"},{\"@type\":\"ListItem\",\"position\":2,\"name\":\"Boutique\",\"item\":\"https:\\\/\\\/florianehaudebault.fr\\\/index.php\\\/boutique\\\/\"},{\"@type\":\"ListItem\",\"position\":3,\"name\":\"Essence soir\u00e9e d&rsquo;\u00e9t\u00e9\"}]},{\"@type\":\"WebSite\",\"@id\":\"https:\\\/\\\/florianehaudebault.fr\\\/#website\",\"url\":\"https:\\\/\\\/florianehaudebault.fr\\\/\",\"name\":\"Floriane H\",\"description\":\"Institut de beaut\u00e9 et de bien-\u00eatre \u00e0 Vivy\",\"potentialAction\":[{\"@type\":\"SearchAction\",\"target\":{\"@type\":\"EntryPoint\",\"urlTemplate\":\"https:\\\/\\\/florianehaudebault.fr\\\/?s={search_term_string}\"},\"query-input\":{\"@type\":\"PropertyValueSpecification\",\"valueRequired\":true,\"valueName\":\"search_term_string\"}}],\"inLanguage\":\"fr-FR\"}]}<\/script>\n<!-- \/ Yoast SEO plugin. -->","yoast_head_json":{"title":"Essence soir\u00e9e d'\u00e9t\u00e9 - Floriane H","robots":{"index":"index","follow":"follow","max-snippet":"max-snippet:-1","max-image-preview":"max-image-preview:large","max-video-preview":"max-video-preview:-1"},"canonical":"https:\/\/florianehaudebault.fr\/index.php\/product\/essence-n5-apres-soleil\/","og_locale":"fr_FR","og_type":"article","og_title":"Essence soir\u00e9e d'\u00e9t\u00e9 - Floriane H","og_description":"Cette huile apr\u00e8s-soleil visage et corps bio \u00e0 une action apaisante apr\u00e8s l&rsquo;exposition. Elle acc\u00e9l\u00e8re et prolonge le bronzage. Sa formule tr\u00e8s compl\u00e8te conf\u00e8re \u00e0 ce soin une action globale, \u00e0 la fois r\u00e9paratrice et embellissante. La d\u00e9licieuse odeur d\u2019\u00e9t\u00e9 de l&rsquo;ESSENCE D&rsquo;ESTIME N\u00b05 et de sable chaud inspire imm\u00e9diatement la d\u00e9tente.","og_url":"https:\/\/florianehaudebault.fr\/index.php\/product\/essence-n5-apres-soleil\/","og_site_name":"Floriane H","article_modified_time":"2021-06-23T14:29:08+00:00","og_image":[{"url":"https:\/\/florianehaudebault.fr\/wp-content\/uploads\/2021\/03\/essence_d_estime_soiree_ete.png","width":375,"height":1024,"type":"image\/png"}],"twitter_card":"summary_large_image","twitter_misc":{"Dur\u00e9e de lecture estim\u00e9e":"1 minute"},"schema":{"@context":"https:\/\/schema.org","@graph":[{"@type":"WebPage","@id":"https:\/\/florianehaudebault.fr\/index.php\/product\/essence-n5-apres-soleil\/","url":"https:\/\/florianehaudebault.fr\/index.php\/product\/essence-n5-apres-soleil\/","name":"Essence soir\u00e9e d'\u00e9t\u00e9 - Floriane H","isPartOf":{"@id":"https:\/\/florianehaudebault.fr\/#website"},"primaryImageOfPage":{"@id":"https:\/\/florianehaudebault.fr\/index.php\/product\/essence-n5-apres-soleil\/#primaryimage"},"image":{"@id":"https:\/\/florianehaudebault.fr\/index.php\/product\/essence-n5-apres-soleil\/#primaryimage"},"thumbnailUrl":"https:\/\/florianehaudebault.fr\/wp-content\/uploads\/2021\/03\/essence_d_estime_soiree_ete.png","datePublished":"2021-03-11T20:37:17+00:00","dateModified":"2021-06-23T14:29:08+00:00","breadcrumb":{"@id":"https:\/\/florianehaudebault.fr\/index.php\/product\/essence-n5-apres-soleil\/#breadcrumb"},"inLanguage":"fr-FR","potentialAction":[{"@type":"ReadAction","target":["https:\/\/florianehaudebault.fr\/index.php\/product\/essence-n5-apres-soleil\/"]}]},{"@type":"ImageObject","inLanguage":"fr-FR","@id":"https:\/\/florianehaudebault.fr\/index.php\/product\/essence-n5-apres-soleil\/#primaryimage","url":"https:\/\/florianehaudebault.fr\/wp-content\/uploads\/2021\/03\/essence_d_estime_soiree_ete.png","contentUrl":"https:\/\/florianehaudebault.fr\/wp-content\/uploads\/2021\/03\/essence_d_estime_soiree_ete.png","width":650,"height":1775},{"@type":"BreadcrumbList","@id":"https:\/\/florianehaudebault.fr\/index.php\/product\/essence-n5-apres-soleil\/#breadcrumb","itemListElement":[{"@type":"ListItem","position":1,"name":"Accueil","item":"https:\/\/florianehaudebault.fr\/"},{"@type":"ListItem","position":2,"name":"Boutique","item":"https:\/\/florianehaudebault.fr\/index.php\/boutique\/"},{"@type":"ListItem","position":3,"name":"Essence soir\u00e9e d&rsquo;\u00e9t\u00e9"}]},{"@type":"WebSite","@id":"https:\/\/florianehaudebault.fr\/#website","url":"https:\/\/florianehaudebault.fr\/","name":"Floriane H","description":"Institut de beaut\u00e9 et de bien-\u00eatre \u00e0 Vivy","potentialAction":[{"@type":"SearchAction","target":{"@type":"EntryPoint","urlTemplate":"https:\/\/florianehaudebault.fr\/?s={search_term_string}"},"query-input":{"@type":"PropertyValueSpecification","valueRequired":true,"valueName":"search_term_string"}}],"inLanguage":"fr-FR"}]}},"_links":{"self":[{"href":"https:\/\/florianehaudebault.fr\/index.php\/wp-json\/wp\/v2\/product\/762227","targetHints":{"allow":["GET"]}}],"collection":[{"href":"https:\/\/florianehaudebault.fr\/index.php\/wp-json\/wp\/v2\/product"}],"about":[{"href":"https:\/\/florianehaudebault.fr\/index.php\/wp-json\/wp\/v2\/types\/product"}],"wp:featuredmedia":[{"embeddable":true,"href":"https:\/\/florianehaudebault.fr\/index.php\/wp-json\/wp\/v2\/media\/1210993"}],"wp:attachment":[{"href":"https:\/\/florianehaudebault.fr\/index.php\/wp-json\/wp\/v2\/media?parent=762227"}],"wp:term":[{"taxonomy":"product_brand","embeddable":true,"href":"https:\/\/florianehaudebault.fr\/index.php\/wp-json\/wp\/v2\/product_brand?post=762227"},{"taxonomy":"product_cat","embeddable":true,"href":"https:\/\/florianehaudebault.fr\/index.php\/wp-json\/wp\/v2\/product_cat?post=762227"},{"taxonomy":"product_tag","embeddable":true,"href":"https:\/\/florianehaudebault.fr\/index.php\/wp-json\/wp\/v2\/product_tag?post=762227"}],"curies":[{"name":"wp","href":"https:\/\/api.w.org\/{rel}","templated":true}]}}